ime factors of 9168288.
2, 3, 43, 2221
List the prime factors of 378689.
19, 1049
What are the prime factors of 73044?
2, 3, 2029
What are the prime factors of 885025?
5, 35401
List the prime factors of 740928.
2, 3, 17, 227
List the prime factors of 603050.
2, 5, 7, 1723
List the prime factors of 358112.
2, 19, 31
What are the prime factors of 719301?
3, 11, 71, 307
What are the prime factors of 415437?
3, 11, 12589
List the prime factors of 397948.
2, 99487
What are the prime factors of 283798?
2, 17, 491
List the prime factors of 88475.
5, 3539
List the prime factors of 4238051.
937, 4523
What are the prime factors of 227818?
2, 113909
List the prime factors of 829582.
2, 13, 31907
What are the prime factors of 24495020?
2, 5, 11, 111341
List the prime factors of 6803857.
251, 27107
List the prime factors of 860034.
2, 3, 7, 20477
What are the prime factors of 152479?
41, 3719
What are the prime factors of 118579?
19, 79
List the prime factors of 443819.
17, 26107
What are the prime factors of 10452404?
2, 409, 6389
List the prime factors of 7413625.
5, 127, 467
List the prime factors of 988751.
37, 26723
List the prime factors of 2345421.
3, 13, 60139
List the prime factors of 115910.
2, 5, 67, 173
List the prime factors of 281706.
2, 3, 29, 1619
What are the prime factors of 11138061?
3, 11, 337517
List the prime factors of 245161.
7, 35023
What are the prime factors of 2814018?
2, 3, 173, 2711
List the prime factors of 3462998.
2, 7, 11, 113, 199
List the prime factors of 662447.
29, 53, 431
What are the prime factors of 1338590?
2, 5, 11, 43, 283
List the prime factors of 4565976.
2, 3, 190249
List the prime factors of 245818.
2, 89, 1381
List the prime factors of 2477835.
3, 5, 17, 41, 79
What are the prime factors of 341996?
2, 193, 443
What are the prime factors of 2094918?
2, 3, 7, 31, 1609
What are the prime factors of 1545024?
2, 3, 13, 619
What are the prime factors of 628362?
2, 3, 7, 4987
What are the prime factors of 2050742?
2, 173, 5927
What are the prime factors of 2448490?
2, 5, 11, 22259
What are the prime factors of 131706?
2, 3, 271
List the prime factors of 2778683.
107, 25969
List the prime factors of 3284350.
2, 5, 65687
What are the prime factors of 3325216?
2, 103913
What are the prime factors of 10320171?
3, 599, 5743
What are the prime factors of 676431?
3, 7, 1193
What are the prime factors of 3104213?
7, 43, 10313
List the prime factors of 1230485.
5, 246097
List the prime factors of 10723527.
3, 1061, 1123
List the prime factors of 426260.
2, 5, 21313
What are the prime factors of 1810746?
2, 3, 7, 2053
What are the prime factors of 702800?
2, 5, 7, 251
List the prime factors of 243969.
3, 11, 7393
List the prime factors of 3752872.
2, 59, 7951
List the prime factors of 2264951.
13, 59, 2953
List the prime factors of 24495936.
2, 3, 127583
What are the prime factors of 1192081?
11, 307, 353
List the prime factors of 300338.
2, 150169
List the prime factors of 13455280.
2, 5, 79, 2129
What are the prime factors of 21557982?
2, 3, 3592997
What are the prime factors of 1198192?
2, 74887
List the prime factors of 113605.
5, 22721
What are the prime factors of 334759?
334759
List the prime factors of 3398279.
103, 32993
What are the prime factors of 1399997?
131, 10687
List the prime factors of 42502.
2, 79, 269
What are the prime factors of 1717939?
23, 113, 661
List the prime factors of 1039833.
3, 31, 3727
What are the prime factors of 647266?
2, 23, 14071
List the prime factors of 213691.
97, 2203
List the prime factors of 22823273.
11, 101, 20543
List the prime factors of 384149.
17, 59, 383
What are the prime factors of 100632?
2, 3, 7, 599
List the prime factors of 1466552.
2, 183319
List the prime factors of 138403.
138403
List the prime factors of 206853.
3, 19, 191
What are the prime factors of 9826307?
61, 161087
What are the prime factors of 71960?
2, 5, 7, 257
List the prime factors of 340789.
340789
What are the prime factors of 13498654?
2, 13, 23, 22573
List the prime factors of 2999048.
2, 13, 28837
What are the prime factors of 815701?
199, 4099
What are the prime factors of 174499?
13, 31, 433
What are the prime factors of 844155?
3, 5, 13, 37
What are the prime factors of 1168996?
2, 292249
List the prime factors of 417.
3, 139
What are the prime factors of 79588?
2, 101, 197
List the prime factors of 844910.
2, 5, 11, 7681
What are the prime factors of 91327?
271, 337
List the prime factors of 3968214.
2, 3, 313, 2113
List the prime factors of 11590964.
2, 7, 11, 37633
What are the prime factors of 103341?
3, 7, 19, 37
What are the prime factors of 228792?
2, 3, 9533
List the prime factors of 6042795.
3, 5, 11, 53, 691
List the prime factors of 366676.
2, 29, 109
What are the prime factors of 578898?
2, 3, 29, 1109
What are the prime factors of 4831323?
3, 7, 230063
What are the prime factors of 2749785?
3, 5, 183319
List the prime factors of 9049446.
2, 3, 7, 71821
What are the prime factors of 4122575?
5, 103, 1601
List the prime factors of 201328.
2, 12583
What are the prime factors of 7471?
31, 241
What are the prime factors of 4602494?
2, 13, 177019
What are the prime factors of 3162903?
3, 1054301
What are the prime factors of 2188854?
2, 3, 277, 439
List the prime factors of 2203501.
47, 173, 271
List the prime factors of 1280202.
2, 3, 7, 11, 17, 163
What are the prime factors of 4802494?
2, 41, 58567
What are the prime factors of 2170233?
3, 13, 229
What are the prime factors of 4440017?
4440017
What are the prime factors of 45774?
2, 3, 2543
List the prime factors of 413949.
3, 137983
List the prime factors of 621259.
621259
What are the prime factors of 208098?
2, 3, 11, 1051
List the prime factors of 208903.
317, 659
What are the prime factors of 6721418?
2, 11, 193, 1583
List the prime factors of 20679416.
2, 41, 67, 941
What are the prime factors of 826827?
3, 23, 521
What are the prime factors of 630575?
5, 11, 2293
What are the prime factors of 27936031?
463, 60337
What are the prime factors of 210416?
2, 13151
List the prime factors of 839213.
83, 10111
List the prime factors of 13511940.
2, 3, 5, 13, 17, 1019
List the prime factors of 85651.
97, 883
What are the prime factors of 344677?
79, 4363
What are the prime factors of 9323796?
2, 3, 776983
List the prime factors of 1738770.
2, 3, 5, 11, 479
What are the prime factors of 2840115?
3, 5, 29, 6529
What are the prime factors of 164499?
3, 54833
List the prime factors of 576215.
5, 17, 6779
What are the prime factors of 4179458?
2, 41, 50969
List the prime factors of 14483284.
2, 23, 157427
What are the prime factors of 317928?
2, 3, 13, 1019
What are the prime factors of 15996228?
2, 3, 1333019
What are the prime factors of 41781?
3, 19, 733
List the prime factors of 15590476.
2, 11, 354329
What are the prime factors of 25287002?
2, 13, 972577
List the prime factors of 16517288.
2, 641, 3221
What are the prime factors of 257978?
2, 7, 18427
What are the prime factors of 492539?
269, 1831
What are the prime factors of 36251285?
5, 7, 173, 5987
What are the prime factors of 1051776?
2, 3, 11, 83
What are the prime factors of 22834791?
3, 7, 17, 23, 103
List the prime factors of 9234327.
3, 3078109
What are the prime factors of 27703468?
2, 13, 29, 18371
What are the prime factors of 4640124?
2, 3, 386677
What are the prime factors of 236664?
2, 3, 19, 173
List the prime factors of 169756.
2, 31, 37
What are the prime factors of 5083644?
2, 3, 23, 113, 163
What are the prime factors of 177350?
2, 5, 3547
List the prime factors of 871090.
2, 5, 11, 7919
What are the prime factors of 38097224?
2, 11, 432923
List the prime factors of 1995601.
73, 27337
List the prime factors of 5261304.
2, 3, 257, 853
What are the prime factors of 229837?
229837
What are the prime factors of 16519729?
53, 5881
List the prime factors of 199779.
3, 66593
List the prime factors of 1551686.
2, 41, 127, 149
List the prime factors of 182083.
11, 16553
What are the prime factors of 15767353?
7, 157, 14347
List the prime factors of 940499.
7, 29, 41, 113
What are the prime factors of 40352601?
3, 29, 463823
List the prime factors of 6414.
2, 3, 1069
List the prime factors of 171487.
223, 769
What are the prime factors of 333648?
2, 3, 7, 331
What are